) = -l**3 - 4*l**2 - 6*l - 1. Let k(x) = -x**3 - 5*x**2 + 5*x - 1. Let w = 4 - 10. Calculate the remainder when k(w) is divided by b(-2).
2
Suppose -4*o - 22 - 2 = 0. Let l = o + 9. Suppose 0 = -15*t + 75 - 0. What is the remainder when t is divided by l?
2
Let v be (-4 + -21)/(((-9)/3)/9). Suppose -78 = -q - v. What is the remainder when 9 is divided by q?
0
Let g = -23 - -19. What is the remainder when 5 is divided by (-224)/(-49) + g/7?
1
Let d(f) = 3*f - 69. Calculate the remainder when 67 is divided by d(29).
13
Let l = -2 - 3. Let s(w) = w**3 + 5*w**2 - w + 1. Calculate the remainder when s(l) is divided by 3.
0
Suppose -10*s + 6*s = 3*b - 2, 2*s = 5*b + 14. Suppose -s*d - 6*d = -16. What is the remainder when 6 is divided by d?
0
Suppose 2*u = 3*u - b - 3, -4*u + 7 = b. Suppose -f - f + 20 = -2*h, u*h = 4*f - 46. Calculate the remainder when 64 is divided by f.
12
Let p(z) = -z**2 + 15*z - 14. Let h be p(13). Suppose 9 + h = 3*u. What is the remainder when 34 is divided by u?
6
Let x(y) = -y**3 - 10*y**2 - 17*y + 20. Calculate the remainder when 167 is divided by x(-8).
27
Let m = 219 - -10. Calculate the remainder when m is divided by 58.
55
Suppose 15*l = 16*l - 38. Calculate the remainder when l is divided by 24.
14
Let l(f) = -f**3 - f - 38. Let u be l(-7). What is the remainder when 179 is divided by (u/96)/(1/8)?
23
Suppose k - 4*v = -26, -v + 58 = -5*k - 5*v. Let x = -8 - k. Suppose 276*a - 278*a = -44. What is the remainder when a is divided by x?
4
Let k be (3 - 1)/(-6)*0. Let z be 3 + 0 + 0 - -23. Suppose k*u - u + z = 0. What is the remainder when u is divided by 14?
12
Suppose -94*r - 226 = -4*t - 89*r, -t - 3*r + 48 = 0. Calculate the remainder when 131 is divided by t.
23
Let m = -3 - -4. Suppose -y + 0*y = 3*g + 4, -2*g + 3*y = -1. Calculate the remainder when m is divided by (g - 3/6) + (-5)/(-2).
0
Let d be ((-177)/(-4))/(24/64). Let z = d + -114. Calculate the remainder when 8 is divided by z.
0
Let t = -21 - -25. Suppose 0 = -4*g - u + 2*u + 11, -t*u - 18 = -3*g. Suppose -5*b + 147 = g*b. What is the remainder when 103 is divided by b?
19
Let m be -4 - 13/(-5 - -4). Let p(r) = -r - 2. Let k be p(-5). Calculate the remainder when 73 is divided by (-1)/k + 174/m.
16
Let p = -142 - -206. Suppose -2*g + p = 2*g. Suppose 4*m - 10 = 102. Calculate the remainder when m is divided by g.
12
Let f(i) = -i**3 - 11*i**2 + 71*i - 11. Calculate the remainder when f(-17) is divided by 104.
100
Let u be 2/(-13) - -2*(-3)/(-39). Let i(g) = 4 + 2 - g - g**2 + 0*g. What is the remainder when 10 is divided by i(u)?
4
Let v(d) = d**3 - 10*d**2 + 26*d - 5. What is the remainder when v(6) is divided by 6?
1
Suppose 3*c + 14 = 2*f, 2*f - 10*c - 30 = -11*c. What is the remainder when f is divided by (0 - -2)*(-7)/(-2)?
6
Suppose 2*o - 12 = -0*o. Let v(a) = -a**3 + 7*a**2 - 6*a + 10. Calculate the remainder when v(6) is divided by o.
4
Suppose -2*d + 2*s = -46, -3*s = d + d - 56. What is the remainder when d is divided by (-2)/(-4)*(2 + 54)/4?
4
Let c = 2249 - 2175. Suppose 3*v + 2*q - 35 = 0, -15 = -v - 0*v + q. What is the remainder when c is divided by v?
9
Suppose 5*y = 4*u - 13 + 42, 0 = -3*y + 15. Suppose 3*p - 2*h - 86 = 0, 30 = p - h - 0*h. What is the remainder when ((-10)/30)/(u/153) is divided by p?
25
Let u(s) = s**3 - 6*s**2 - 10*s + 6. Suppose 65 = -11*f + 329. Suppose 3*i - 88 = -4*y - f, -2*i = y - 11. What is the remainder when u(8) is divided by y?
16
Suppose 3*y - 4*t - 274 = 0, 271 + 718 = 11*y + t. What is the remainder when y is divided by 20?
10
Let b(l) = 3*l - 7. Calculate the remainder when (-75)/100*(1 - 53) is divided by b(9).
19
Let t(x) = x**2 - 5*x - 5. Let f(s) = s**3 - 3*s**2 - 2. Let o be f(2). Calculate the remainder when 240 is divided by t(o).
57
Let u(q) = -q - 2. Let k be u(3). What is the remainder when 27 is divided by (-284)/(-20) - 4/k?
12
Suppose 83*v - 69*v = 546. Calculate the remainder when v is divided by 18.
3
Let m(b) = -41*b + 5. Suppose 4*v - 3*a - 52 = -0*a, v - 24 = -2*a. What is the remainder when m(-1) is divided by v?
14
Let w(o) = o**3 - 10*o**2 + 9*o + 22. Calculate the remainder when 460 is divided by w(9).
20
Suppose 23*k - 24*k + 154 = 0. What is the remainder when k is divided by (-1 - 64)*(-6)/10?
37
Calculate the remainder when (185/(-15) - -13) + (-956)/(-6) is divided by 3.
1
Suppose -2*v = -5*i + 2082, 5*i + v = 1961 + 118. Calculate the remainder when i is divided by 84.
80
Let i = -92 + 111. What is the remainder when 337 is divided by i?
14
Suppose 27*u - 4557 = 6*u. Calculate the remainder when u is divided by 4.
1
Suppose 3*q + 12 = b, 0*q = b + 2*q + 3. Let s = -10 + -17. Let z = s + 37. What is the remainder when z is divided by b?
1
Let r be 1/((-10)/104) + 10/25. Let p(s) = -s**2 - 9*s + 24. Let i(f) = f**3 - 4*f**2 + 4*f - 6. What is the remainder when i(5) is divided by p(r)?
11
Let q = 192 + -173. What is the remainder when 189 is divided by q?
18
Let t = -1 + 5. Suppose 0*a = t*a - 3*n - 295, -50 = -a - 4*n. Suppose -m - 2*m = -72. What is the remainder when a is divided by m?
22
Suppose -5*o + 257 = 3*w, 5*o + 65 = -5*w + 320. Suppose -6*i = -4*i - o. Calculate the remainder when -6*i/(-4)*3 is divided by 30.
27
Suppose -y = -5*g - 161, -3*g + 3*y - 71 = 16. Let w(u) = 9*u**2 + 7*u + 14. What is the remainder when w(-4) is divided by 3/(-2 + (-69)/g)?
31
Let o(s) = s**3 - 2*s**2 + 4*s - 1. Suppose 57 = 28*b - 25*b. What is the remainder when o(5) is divided by b?
18
Suppose -m = 14 - 109. Let d = m - 89. What is the remainder when 23 is divided by d?
5
Let j(y) = -6*y - 4. Let f(u) = 13*u + 7. Let k(z) = -3*f(z) - 5*j(z). Let l = 3 - 7. Calculate the remainder when k(l) is divided by 9.
8
Let t(f) = -f**3 + 7*f**2 + 3*f - 1. What is the remainder when -4 - ((-515)/5 + -5) is divided by t(6)?
51
Calculate the remainder when 189/135 + 952/20 is divided by 20.
9
Let z be 3/15 - 1395/(-25). Suppose 0*g + z = 7*g. Suppose -2*q = -g + 2. What is the remainder when 17 is divided by q?
2
Let v(u) = -29*u + 2. Let f(t) = -14*t + 1. Let x(l) = -13*f(l) + 6*v(l). Let r be x(2). Calculate the remainder when 745/r - 1/(-3) is divided by 13.
11
Suppose 14*m - 3674 - 4572 = 0. Calculate the remainder when m is divided by 59.
58
Let g be 5/(-15)*2*-21. Suppose 8*x = 9*x - g. What is the remainder when ((-36)/(-4))/((-2)/(-12)) is divided by x?
12
Suppose -5*o = 2*c - 23, 3*o + o + 4*c - 16 = 0. Suppose 0 = 14*d - 19*d + 430. Suppose -26 = o*r - d. What is the remainder when 33 is divided by r?
9
Suppose -3*b - 343 = -4*b. Let w = b - 158. Suppose 5*j - w + 10 = 0. Calculate the remainder when j is divided by 18.
17
Let p = -97 - -93. Calculate the remainder when 112 is divided by 48/(-18)*57/p.
36
Let n(c) = -13 - c**2 + 30*c + 11 - 17*c + 34. What is the remainder when n(13) is divided by 17?
15
Let j = -37 - -35. Suppose b + 5*s + 1 = 25, 3*b - 2*s = 21. Let o = b + j. Calculate the remainder when 11 is divided by o.
4
What is the remainder when 22 is divided by (2/(1 + 1))/(30/240)?
6
What is the remainder when 289 is divided by ((-6)/15)/(38/(-2755))?
28
Let o(i) = i - 2. Let g be o(4). Suppose p - 12 = -3*v, p - g*p + 8 = v. Let b(x) = x**2 + 4*x - 3. Calculate the remainder when b(2) is divided by p.
3
Let x(h) = 3*h**2 - 5*h - 4. Let r be (5 + (-4 - -2))/(-1). What is the remainder when x(r) is divided by 20?
18
Let y = -5 - -13. Suppose 3*m - y*m = -150. Suppose -n = -m - 8. What is the remainder when n is divided by 10?
8
Let b(y) = 5*y**2 + 5*y + 74. Let u(a) = -9*a**2 - 9*a - 149. Let g(n) = -7*b(n) - 4*u(n). What is the remainder when g(0) is divided by 16?
14
Suppose 3956 = 20*l + 616. Calculate the remainder when l is divided by 21.
20
What is the remainder when 103 is divided by (20 - -28)/(1 + 1)?
7
Let c = -41 + 110. What is the remainder when c is divided by (20/15)/(2/57) - 3?
34
Let h(s) = -s + 13. Let l be h(3). Calculate the remainder when -9*4*l/(-12) is divided by 11.
8
Suppose -43*u + 26*u + 901 = 0. What is the remainder when 166 is divided by u?
7
Suppose 9 = 3*m - 60. Let p = m - 12. Suppose 0*x - 3*w + p = x, -5*x - 2*w = -94. What is the remainder when 77 is divided by x?
17
Suppose -3*z - z - 42 = -2*l, 139 = 4*l + 3*z. Suppose w + 3 = 0, -q +